at is the hundreds digit of 55085?
0
What is the units digit of 584?
4
What is the hundreds digit of 1246?
2
What is the hundreds digit of 11383?
3
What is the hundreds digit of 9256?
2
What is the tens digit of 3197?
9
What is the thousands digit of 87046?
7
What is the units digit of 518?
8
What is the hundreds digit of 64925?
9
What is the units digit of 13?
3
What is the hundreds digit of 3099?
0
What is the hundreds digit of 6120?
1
What is the units digit of 803?
3
What is the units digit of 39390?
0
What is the units digit of 1831?
1
What is the tens digit of 1136?
3
What is the ten thousands digit of 40713?
4
What is the thousands digit of 13966?
3
What is the hundreds digit of 3841?
8
What is the tens digit of 4001?
0
What is the ten thousands digit of 97652?
9
What is the tens digit of 4900?
0
What is the ten thousands digit of 180857?
8
What is the hundreds digit of 648?
6
What is the ten thousands digit of 50208?
5
What is the tens digit of 2059?
5
What is the thousands digit of 2414?
2
What is the hundreds digit of 1169?
1
What is the tens digit of 35961?
6
What is the tens digit of 3388?
8
What is the ten thousands digit of 79881?
7
What is the units digit of 5193?
3
What is the thousands digit of 3777?
3
What is the thousands digit of 44055?
4
What is the tens digit of 7265?
6
What is the hundreds digit of 44221?
2
What is the units digit of 649?
9
What is the thousands digit of 18398?
8
What is the tens digit of 929?
2
What is the tens digit of 7633?
3
What is the hundreds digit of 11595?
5
What is the hundred thousands digit of 161890?
1
What is the units digit of 4354?
4
What is the units digit of 335?
5
What is the tens digit of 2654?
5
What is the units digit of 10155?
5
What is the hundreds digit of 22582?
5
What is the units digit of 567?
7
What is the ten thousands digit of 14482?
1
What is the units digit of 30069?
9
What is the hundreds digit of 950?
9
What is the units digit of 2323?
3
What is the hundreds digit of 2006?
0
What is the thousands digit of 2733?
2
What is the hundreds digit of 1261?
2
What is the hundreds digit of 1320?
3
What is the units digit of 339?
9
What is the hundreds digit of 17585?
5
What is the thousands digit of 49368?
9
What is the hundreds digit of 12213?
2
What is the units digit of 31874?
4
What is the thousands digit of 1045?
1
What is the tens digit of 7934?
3
What is the hundreds digit of 1414?
4
What is the tens digit of 5090?
9
What is the thousands digit of 1991?
1
What is the hundreds digit of 80521?
5
What is the hundreds digit of 526?
5
What is the hundreds digit of 33967?
9
What is the hundreds digit of 111291?
2
What is the hundreds digit of 303?
3
What is the tens digit of 2499?
9
What is the units digit of 14883?
3
What is the hundreds digit of 81405?
4
What is the units digit of 3826?
6
What is the thousands digit of 13291?
3
What is the ten thousands digit of 12699?
1
What is the thousands digit of 9973?
9
What is the thousands digit of 10528?
0
What is the tens digit of 73738?
3
What is the units digit of 138602?
2
What is the hundreds digit of 404?
4
What is the hundreds digit of 5830?
8
What is the hundreds digit of 227?
2
What is the units digit of 6064?
4
What is the tens digit of 44147?
4
What is the units digit of 2081?
1
What is the hundreds digit of 7844?
8
What is the hundreds digit of 11884?
8
What is the thousands digit of 2356?
2
What is the hundreds digit of 1460?
4
What is the tens digit of 4891?
9
What is the hundreds digit of 1276?
2
What is the hundreds digit of 539?
5
What is the units digit of 18?
8
What is the units digit of 11004?
4
What is the thousands digit of 1706?
1
What is the units digit of 35002?
2
What is the units digit of 218?
8
What is the units digit of 64719?
9
What is the hundreds digit of 4989?
9
What is the ten thousands digit of 12475?
1
What is the units digit of 172?
2
What is the hundreds digit of 41886?
8
What is the tens digit of 351?
5
What is the units digit of 85?
5
What is the hundreds digit of 68218?
2
What is the tens digit of 1230?
3
What is the units digit of 3649?
9
What is the thousands digit of 8917?
8
What is the hundreds digit of 2940?
9
What is the thousands digit of 25512?
5
What is the units digit of 2841?
1
What is the hundreds digit of 1932?
9
What is the units digit of 775?
5
What is the units digit of 119681?
1
What is the units digit of 2684?
4
What is the units digit of 8093?
3
What is the ten thousands digit of 22859?
2
What is the thousands digit of 3047?
3
What is the hundreds digit of 6494?
4
What is the ten thousands digit of 13209?
1
What is the thousands digit of 9592?
9
What is the hundreds digit of 110?
1
What is the hundreds digit of 830?
8
What is the hundreds digit of 188?
1
What is the hundreds digit of 4263?
2
What is the hundreds digit of 4707?
7
What is the tens digit of 11292?
9
What is the thousands digit of 2521?
2
What is the units digit of 589?
9
What is the units digit of 11713?
3
What is the thousands digit of 1474?
1
What is the hundreds digit of 144354?
3
What is the hundreds digit of 2219?
2
What is the tens digit of 32680?
8
What is the hundreds digit of 976?
9
What is the units digit of 47337?
7
What is the tens digit of 170?
7
What is the tens digit of 25716?
1
What is the units digit of 200?
0
What is the ten thousands digit of 21991?
2
What is the units digit of 802?
2
What is the thousands digit of 47911?
7
What is the units digit of 27788?
8
What is the units digit of 7483?
3
What is the hundreds digit of 522?
5
What is the hundreds digit of 90304?
3
What is the units digit of 1343?
3
What is the units digit of 511?
1
What is the tens digit of 8194?
9
What is the units digit of 89551?
1
What is the tens digit of 13713?
1
What is the tens digit of 29246?
4
What is the ten thousands digit of 12017?
1
What is the ten thousands digit of 24191?
2
What is the hundreds digit of 1334?
3
What is the tens digit of 866?
6
What is the hundreds digit of 100?
1
What is the units digit of 1844?
4
What is the tens digit of 23?
2
What is the tens digit of 692?
9
What is the hundreds digit of 11549?
5
What is the ten thousands digit of 45053?
4
What is the tens digit of 5720?
2
What is the thousands digit of 1247?
1
What is the hundreds digit of 1050?
0
What is the thousands digit of 5636?
5
What is the tens digit of 38760?
6
What is the hundreds digit of 2520?
5
What is the hundreds digit of 1151?
1
What is the hundreds digit of 8469?
4
What is the thousands digit of 30847?
0
What is the hundreds digit of 8493?
4
What is the ten thousands digit of 15025?
1
What is the ten thousands digit of 148765?
4
What is the tens digit of 7616?
1
What is the thousands digit of 4523?
4
What is the tens digit of 796?
9
What is the tens digit of 49807?
0
What is the units digit of 131680?
0
What is the hundreds digit of 660?
6
What is the ten thousands digit of 30078?
3
What is the thousands digit of 51068?
1
What is the units digit of 5212?
2
What is the thousands digit of 4648?
4
What is the tens digit of 6595?
9
What is the thousands digit of 158754?
8
What is the hundreds digit of 142769?
7
What is the hundreds digit of 2018?
0
What is the thousands digit of 36387?
6
What is the hundreds digit of 234?
2
What is the thousands digit of 3851?
3
What is the units digit of 26380?
0
What is the hundreds digit of 1620?
6
What is the units digit of 1327?
7
What is the units digit of 1173?
3
What is the thousands digit of 9659?
9
What is the tens digit of 8990?
9
What is the tens digit of 185?
8
What is the hundreds digit of 238?
2
What is the tens digit of 2314?
1
What is the hundreds digit of 6543?
5
What is the hundreds digit of 2721?
7
What is the tens digit of 26579?
7
What is the hundreds digit of 457?
4
What is the units digit of 108390?
0
What is the units digit of 132?
2
What is the ten thousands digit of 63015?
6
What is the tens digit of 11435?
3
What is the thousands digit of 22378?
2
What is the tens digit of 1371?
7
What is the hundreds digit of 1852?
8
What is the tens digit of 4064?
6
What is the hundreds digit of 8104?
1
What is the units digit of 4696?
6
What is the hundreds digit of 1096?
0
What is the ten thousands digit of 10385?
1
What is the thousands digit of 1811?
1
What is the units